{"id":2091,"date":"2018-05-24T23:26:21","date_gmt":"2018-05-24T21:26:21","guid":{"rendered":"http:\/\/www.brandenburger-freidenker.de\/cms\/?page_id=2091"},"modified":"2018-05-24T23:32:44","modified_gmt":"2018-05-24T21:32:44","slug":"information-zur-garnisonkirche-potsdam","status":"publish","type":"page","link":"https:\/\/www.brandenburger-freidenker.de\/cms\/?page_id=2091","title":{"rendered":"Information zur Garnisonkirche Potsdam"},"content":{"rendered":"<\/p>\n<div id=\"attachment_2092\" style=\"width: 385px\" class=\"wp-caption aligncenter\"><img loading=\"lazy\" decoding=\"async\" aria-describedby=\"caption-attachment-2092\" class=\"wp-image-2092 size-full\" src=\"https:\/\/www.brandenburger-freidenker.de\/cms\/wp-content\/uploads\/2018\/05\/5.jpg\" alt=\"\" width=\"375\" height=\"261\" srcset=\"https:\/\/www.brandenburger-freidenker.de\/cms\/wp-content\/uploads\/2018\/05\/5.jpg 375w, https:\/\/www.brandenburger-freidenker.de\/cms\/wp-content\/uploads\/2018\/05\/5-300x209.jpg 300w, https:\/\/www.brandenburger-freidenker.de\/cms\/wp-content\/uploads\/2018\/05\/5-150x104.jpg 150w\" sizes=\"auto, (max-width: 375px) 100vw, 375px\" \/><\/p>\n<p id=\"caption-attachment-2092\" class=\"wp-caption-text\">Zentralbild: Reichspr\u00e4sident von Hindenburg und Reichskanzler Adolf Hitler am Tage von Potsdam (21. M\u00e4rz 1933)<\/p>\n<\/div>\n<h2>21. M\u00e4rz 1933 &#8211; Tag von Potsdam<\/h2>\n<p>Im Gedenken und zur Mahnung an die vielen Millionen von Menschen, die dem\u00a0Gr\u00f6\u00dfenwahn und verbrecherischen Taten preu\u00dfischer Militaristen und deutscher Faschisten in der ganzen Welt zu Opfer fielen.\u00a0An diesem dunklen Tag verb\u00fcndeten sich in der Garnisonkirche Potsdam das alte militaristische Preu\u00dfen und das neue faschistische Regime unter Adolf Hitler. Die Garnisonkirche war schon immer der Inbegriff von Militarismus, Krieg, Leid und Tod.<\/p>\n<h2 style=\"text-align: center;\">Nie wieder Militarismus!<br \/>\nNie wieder Faschismus!<br \/>\nNie wieder Krieg!<\/h2>\n<\/p>\n<p>Wir Freidenkerinnen und Freidenker fordern die F\u00f6rdergesellschaft f\u00fcr den Wiederaufbau der Garnisonkirche Potsdam e. V.\u00a0und die Stadt Potsdam\u00a0auf, stoppen Sie den Wiederaufbau der Garnisonkirche Potsdam sofort. Ersetzen Sie den Kirchenneubau durch die Errichtung einer antimilitaristischen und antifaschistischen Mahn- und Gedenkst\u00e4tte. Unterst\u00fctzen Sie nicht die Rehabilitation der M\u00f6rder.<\/p>\n<hr \/>\n<p>Bildquelle:\u00a0<span class=\"xr_s6\">Bundesarchiv, Bild 183-S38324 \/ CC-BY-SA, <\/span><span class=\"xr_s6\"><a href=\"https:\/\/de.wikipedia.org\/w\/index.php?title=Datei:Bundesarchiv_Bild_183-S38324,_Tag_von_Potsdam,_Adolf_Hitler,_Paul_v._Hindenburg.jpg&amp;filetimestamp=20111201200033\" target=\"_blank\" rel=\"noopener\">Wikipedia<\/a><\/span><\/p>\n","protected":false},"excerpt":{"rendered":"<p>21. M\u00e4rz 1933 &#8211; Tag von Potsdam Im Gedenken und zur Mahnung an die vielen Millionen von Menschen, die dem\u00a0Gr\u00f6\u00dfenwahn und verbrecherischen Taten preu\u00dfischer Militaristen und deutscher Faschisten in der ganzen Welt zu Opfer fielen.\u00a0An diesem dunklen Tag verb\u00fcndeten sich &hellip; <a href=\"https:\/\/www.brandenburger-freidenker.de\/cms\/?page_id=2091\">Weiterlesen <span class=\"meta-nav\">&rarr;<\/span><\/a><\/p>\n","protected":false},"author":5,"featured_media":0,"parent":0,"menu_order":0,"comment_status":"closed","ping_status":"closed","template":"","meta":{"footnotes":""},"class_list":["post-2091","page","type-page","status-publish","hentry"],"_links":{"self":[{"href":"https:\/\/www.brandenburger-freidenker.de\/cms\/index.php?rest_route=\/wp\/v2\/pages\/2091","targetHints":{"allow":["GET"]}}],"collection":[{"href":"https:\/\/www.brandenburger-freidenker.de\/cms\/index.php?rest_route=\/wp\/v2\/pages"}],"about":[{"href":"https:\/\/www.brandenburger-freidenker.de\/cms\/index.php?rest_route=\/wp\/v2\/types\/page"}],"author":[{"embeddable":true,"href":"https:\/\/www.brandenburger-freidenker.de\/cms\/index.php?rest_route=\/wp\/v2\/users\/5"}],"replies":[{"embeddable":true,"href":"https:\/\/www.brandenburger-freidenker.de\/cms\/index.php?rest_route=%2Fwp%2Fv2%2Fcomments&post=2091"}],"version-history":[{"count":0,"href":"https:\/\/www.brandenburger-freidenker.de\/cms\/index.php?rest_route=\/wp\/v2\/pages\/2091\/revisions"}],"wp:attachment":[{"href":"https:\/\/www.brandenburger-freidenker.de\/cms\/index.php?rest_route=%2Fwp%2Fv2%2Fmedia&parent=2091"}],"curies":[{"name":"wp","href":"https:\/\/api.w.org\/{rel}","templated":true}]}}